{"id":384,"date":"2026-04-24T13:18:08","date_gmt":"2026-04-24T11:18:08","guid":{"rendered":"https:\/\/www.penzionlipuvka.eu\/?page_id=384"},"modified":"2026-04-24T13:18:08","modified_gmt":"2026-04-24T11:18:08","slug":"deklarace-socialniho-podnikani","status":"publish","type":"page","link":"https:\/\/www.penzionlipuvka.eu\/?page_id=384","title":{"rendered":"Deklarace soci\u00e1ln\u00edho podnik\u00e1n\u00ed"},"content":{"rendered":"<p><a href=\"http:\/\/www.penzionlipuvka.eu\/wp-content\/uploads\/2026\/04\/Deklarace-SP-01.jpg\"><img loading=\"lazy\" decoding=\"async\" class=\"alignnone size-full wp-image-393\" src=\"http:\/\/www.penzionlipuvka.eu\/wp-content\/uploads\/2026\/04\/Deklarace-SP-01.jpg\" alt=\"\" width=\"1231\" height=\"1739\" srcset=\"https:\/\/www.penzionlipuvka.eu\/wp-content\/uploads\/2026\/04\/Deklarace-SP-01.jpg 1231w, https:\/\/www.penzionlipuvka.eu\/wp-content\/uploads\/2026\/04\/Deklarace-SP-01-212x300.jpg 212w, https:\/\/www.penzionlipuvka.eu\/wp-content\/uploads\/2026\/04\/Deklarace-SP-01-725x1024.jpg 725w, https:\/\/www.penzionlipuvka.eu\/wp-content\/uploads\/2026\/04\/Deklarace-SP-01-768x1085.jpg 768w, https:\/\/www.penzionlipuvka.eu\/wp-content\/uploads\/2026\/04\/Deklarace-SP-01-1087x1536.jpg 1087w\" sizes=\"auto, (max-width: 1231px) 100vw, 1231px\" \/><\/a><\/p>\n<p><a href=\"http:\/\/www.penzionlipuvka.eu\/wp-content\/uploads\/2026\/04\/Deklarace-02.jpg\"><img loading=\"lazy\" decoding=\"async\" class=\"alignnone size-full wp-image-392\" src=\"http:\/\/www.penzionlipuvka.eu\/wp-content\/uploads\/2026\/04\/Deklarace-02.jpg\" alt=\"\" width=\"1252\" height=\"1720\" srcset=\"https:\/\/www.penzionlipuvka.eu\/wp-content\/uploads\/2026\/04\/Deklarace-02.jpg 1252w, https:\/\/www.penzionlipuvka.eu\/wp-content\/uploads\/2026\/04\/Deklarace-02-218x300.jpg 218w, https:\/\/www.penzionlipuvka.eu\/wp-content\/uploads\/2026\/04\/Deklarace-02-745x1024.jpg 745w, https:\/\/www.penzionlipuvka.eu\/wp-content\/uploads\/2026\/04\/Deklarace-02-768x1055.jpg 768w, https:\/\/www.penzionlipuvka.eu\/wp-content\/uploads\/2026\/04\/Deklarace-02-1118x1536.jpg 1118w\" sizes=\"auto, (max-width: 1252px) 100vw, 1252px\" \/><\/a><\/p>\n<p><a href=\"http:\/\/www.penzionlipuvka.eu\/wp-content\/uploads\/2026\/04\/Deklarace-03.jpg\"><img loading=\"lazy\" decoding=\"async\" class=\"alignnone size-full wp-image-391\" src=\"http:\/\/www.penzionlipuvka.eu\/wp-content\/uploads\/2026\/04\/Deklarace-03.jpg\" alt=\"\" width=\"1237\" height=\"1751\" srcset=\"https:\/\/www.penzionlipuvka.eu\/wp-content\/uploads\/2026\/04\/Deklarace-03.jpg 1237w, https:\/\/www.penzionlipuvka.eu\/wp-content\/uploads\/2026\/04\/Deklarace-03-212x300.jpg 212w, https:\/\/www.penzionlipuvka.eu\/wp-content\/uploads\/2026\/04\/Deklarace-03-723x1024.jpg 723w, https:\/\/www.penzionlipuvka.eu\/wp-content\/uploads\/2026\/04\/Deklarace-03-768x1087.jpg 768w, https:\/\/www.penzionlipuvka.eu\/wp-content\/uploads\/2026\/04\/Deklarace-03-1085x1536.jpg 1085w\" sizes=\"auto, (max-width: 1237px) 100vw, 1237px\" \/><\/a><\/p>\n<p><a href=\"http:\/\/www.penzionlipuvka.eu\/wp-content\/uploads\/2026\/04\/Deklarace-04.jpg\"><img loading=\"lazy\" decoding=\"async\" class=\"alignnone size-full wp-image-390\" src=\"http:\/\/www.penzionlipuvka.eu\/wp-content\/uploads\/2026\/04\/Deklarace-04.jpg\" alt=\"\" width=\"1270\" height=\"1744\" srcset=\"https:\/\/www.penzionlipuvka.eu\/wp-content\/uploads\/2026\/04\/Deklarace-04.jpg 1270w, https:\/\/www.penzionlipuvka.eu\/wp-content\/uploads\/2026\/04\/Deklarace-04-218x300.jpg 218w, https:\/\/www.penzionlipuvka.eu\/wp-content\/uploads\/2026\/04\/Deklarace-04-746x1024.jpg 746w, https:\/\/www.penzionlipuvka.eu\/wp-content\/uploads\/2026\/04\/Deklarace-04-768x1055.jpg 768w, https:\/\/www.penzionlipuvka.eu\/wp-content\/uploads\/2026\/04\/Deklarace-04-1119x1536.jpg 1119w\" sizes=\"auto, (max-width: 1270px) 100vw, 1270px\" \/><\/a><\/p>\n<div class=\"addtoany_share_save_container addtoany_content_bottom\"><div class=\"a2a_kit a2a_kit_size_32 addtoany_list a2a_target\" id=\"wpa2a_1\"><a class=\"a2a_button_facebook\" href=\"http:\/\/www.addtoany.com\/add_to\/facebook?linkurl=https%3A%2F%2Fwww.penzionlipuvka.eu%2F%3Fpage_id%3D384&amp;linkname=Deklarace%20soci%C3%A1ln%C3%ADho%20podnik%C3%A1n%C3%AD\" title=\"Facebook\" rel=\"nofollow\" target=\"_blank\"><\/a><a class=\"a2a_button_twitter\" href=\"http:\/\/www.addtoany.com\/add_to\/twitter?linkurl=https%3A%2F%2Fwww.penzionlipuvka.eu%2F%3Fpage_id%3D384&amp;linkname=Deklarace%20soci%C3%A1ln%C3%ADho%20podnik%C3%A1n%C3%AD\" title=\"Twitter\" rel=\"nofollow\" target=\"_blank\"><\/a><a class=\"a2a_button_google_plus\" href=\"http:\/\/www.addtoany.com\/add_to\/google_plus?linkurl=https%3A%2F%2Fwww.penzionlipuvka.eu%2F%3Fpage_id%3D384&amp;linkname=Deklarace%20soci%C3%A1ln%C3%ADho%20podnik%C3%A1n%C3%AD\" title=\"Google+\" rel=\"nofollow\" target=\"_blank\"><\/a><a class=\"a2a_dd addtoany_share_save\" href=\"https:\/\/www.addtoany.com\/share_save\"><\/a>\n<script type=\"text\/javascript\"><!--\nwpa2a.script_load();\n\/\/--><\/script>\n<\/div><\/div>","protected":false},"excerpt":{"rendered":"<div class=\"addtoany_share_save_container addtoany_content_bottom\"><div class=\"a2a_kit a2a_kit_size_32 addtoany_list a2a_target\" id=\"wpa2a_2\"><a class=\"a2a_button_facebook\" href=\"http:\/\/www.addtoany.com\/add_to\/facebook?linkurl=https%3A%2F%2Fwww.penzionlipuvka.eu%2F%3Fpage_id%3D384&amp;linkname=Deklarace%20soci%C3%A1ln%C3%ADho%20podnik%C3%A1n%C3%AD\" title=\"Facebook\" rel=\"nofollow\" target=\"_blank\"><\/a><a class=\"a2a_button_twitter\" href=\"http:\/\/www.addtoany.com\/add_to\/twitter?linkurl=https%3A%2F%2Fwww.penzionlipuvka.eu%2F%3Fpage_id%3D384&amp;linkname=Deklarace%20soci%C3%A1ln%C3%ADho%20podnik%C3%A1n%C3%AD\" title=\"Twitter\" rel=\"nofollow\" target=\"_blank\"><\/a><a class=\"a2a_button_google_plus\" href=\"http:\/\/www.addtoany.com\/add_to\/google_plus?linkurl=https%3A%2F%2Fwww.penzionlipuvka.eu%2F%3Fpage_id%3D384&amp;linkname=Deklarace%20soci%C3%A1ln%C3%ADho%20podnik%C3%A1n%C3%AD\" title=\"Google+\" rel=\"nofollow\" target=\"_blank\"><\/a><a class=\"a2a_dd addtoany_share_save\" href=\"https:\/\/www.addtoany.com\/share_save\"><\/a><\/div><\/div>","protected":false},"author":1,"featured_media":0,"parent":0,"menu_order":0,"comment_status":"closed","ping_status":"closed","template":"","meta":{"footnotes":""},"class_list":["post-384","page","type-page","status-publish","hentry"],"aioseo_notices":[],"_links":{"self":[{"href":"https:\/\/www.penzionlipuvka.eu\/index.php?rest_route=\/wp\/v2\/pages\/384","targetHints":{"allow":["GET"]}}],"collection":[{"href":"https:\/\/www.penzionlipuvka.eu\/index.php?rest_route=\/wp\/v2\/pages"}],"about":[{"href":"https:\/\/www.penzionlipuvka.eu\/index.php?rest_route=\/wp\/v2\/types\/page"}],"author":[{"embeddable":true,"href":"https:\/\/www.penzionlipuvka.eu\/index.php?rest_route=\/wp\/v2\/users\/1"}],"replies":[{"embeddable":true,"href":"https:\/\/www.penzionlipuvka.eu\/index.php?rest_route=%2Fwp%2Fv2%2Fcomments&post=384"}],"version-history":[{"count":1,"href":"https:\/\/www.penzionlipuvka.eu\/index.php?rest_route=\/wp\/v2\/pages\/384\/revisions"}],"predecessor-version":[{"id":394,"href":"https:\/\/www.penzionlipuvka.eu\/index.php?rest_route=\/wp\/v2\/pages\/384\/revisions\/394"}],"wp:attachment":[{"href":"https:\/\/www.penzionlipuvka.eu\/index.php?rest_route=%2Fwp%2Fv2%2Fmedia&parent=384"}],"curies":[{"name":"wp","href":"https:\/\/api.w.org\/{rel}","templated":true}]}}